{"id":88,"date":"2017-01-10T23:08:35","date_gmt":"2017-01-10T22:08:35","guid":{"rendered":"http:\/\/www.hotel-bitov.cz\/?page_id=88"},"modified":"2020-05-11T22:06:03","modified_gmt":"2020-05-11T20:06:03","slug":"kontakt-2","status":"publish","type":"page","link":"https:\/\/www.hotel-bitov.cz\/?page_id=88","title":{"rendered":"KONTAKT"},"content":{"rendered":"<h3 style=\"text-align: left; padding-left: 30px;\">&nbsp;<\/h3>\n<h3 style=\"text-align: left; padding-left: 30px;\"><span style=\"color: #993300;\"><strong><a href=\"http:\/\/www.hotel-bitov.cz\/wp-content\/uploads\/2018\/01\/adresa.bmp\" rel=\"lightbox[88]\"><img decoding=\"async\" class=\"size-full wp-image-823 alignleft\" src=\"http:\/\/www.hotel-bitov.cz\/wp-content\/uploads\/2018\/01\/adresa.bmp\" alt=\"\" width=\"70\" height=\"70\" srcset=\"https:\/\/www.hotel-bitov.cz\/wp-content\/uploads\/2018\/01\/adresa.bmp 70w, https:\/\/www.hotel-bitov.cz\/wp-content\/uploads\/2018\/01\/adresa-160x160.jpg 160w, https:\/\/www.hotel-bitov.cz\/wp-content\/uploads\/2018\/01\/adresa-320x320.jpg 320w\" sizes=\"(max-width: 70px) 100vw, 70px\" \/><\/a>&nbsp; Hotel B\u00edtov***<\/strong><\/span><\/h3>\n<h3 style=\"text-align: left; padding-left: 30px;\"><span style=\"color: #993300;\"><strong>&nbsp; B\u00edtov 87<\/strong><\/span><\/h3>\n<h3 style=\"text-align: left; padding-left: 30px;\"><span style=\"color: #993300;\"><strong>&nbsp; &nbsp; &nbsp; &nbsp; &nbsp; 671 10 B\u00edtov<\/strong><\/span><\/h3>\n<pre><span style=\"color: #993300;\"><b>Recepce hotelu :<\/b><\/span><\/pre>\n<p><a href=\"http:\/\/www.hotel-bitov.cz\/wp-content\/uploads\/2017\/02\/tel-e1488134760493.jpg\" rel=\"lightbox[88]\"><img decoding=\"async\" class=\"alignnone size-full wp-image-284\" src=\"http:\/\/www.hotel-bitov.cz\/wp-content\/uploads\/2017\/02\/tel-e1488134760493.jpg\" alt=\"\" width=\"30\" height=\"30\"><\/a>&nbsp;&nbsp;&nbsp;&nbsp;&nbsp;&nbsp;&nbsp;&nbsp;&nbsp;&nbsp;&nbsp;&nbsp;&nbsp;&nbsp;&nbsp;&nbsp;&nbsp;&nbsp;&nbsp;&nbsp;&nbsp;&nbsp;&nbsp;&nbsp;&nbsp;&nbsp;&nbsp;&nbsp;&nbsp;&nbsp;&nbsp;&nbsp;&nbsp;&nbsp;&nbsp;&nbsp;&nbsp;&nbsp;<a href=\"http:\/\/www.hotel-bitov.cz\/wp-content\/uploads\/2017\/02\/email-e1488135237170.jpg\" rel=\"lightbox[88]\"><img decoding=\"async\" class=\"alignnone size-full wp-image-283\" src=\"http:\/\/www.hotel-bitov.cz\/wp-content\/uploads\/2017\/02\/email-e1488135237170.jpg\" alt=\"\" width=\"30\" height=\"30\"><\/a> &nbsp; &nbsp; &nbsp; &nbsp; &nbsp; &nbsp; &nbsp; &nbsp; &nbsp; &nbsp; &nbsp; &nbsp; &nbsp; &nbsp; &nbsp; &nbsp; &nbsp; <a href=\"http:\/\/www.hotel-bitov.cz\/wp-content\/uploads\/2018\/01\/m\u00edsto-e1515853621857.png\" rel=\"lightbox[88]\"><img loading=\"lazy\" decoding=\"async\" class=\"alignnone size-full wp-image-827\" src=\"http:\/\/www.hotel-bitov.cz\/wp-content\/uploads\/2018\/01\/m\u00edsto-e1515853621857.png\" alt=\"\" width=\"30\" height=\"30\"><\/a><\/p>\n<pre><strong><span style=\"color: #993300;\">+420 515 294 011&nbsp;&nbsp;&nbsp;&nbsp;&nbsp;&nbsp;  <\/span><span style=\"color: #993300;\"><a style=\"color: #993300;\" href=\"mailto:recepce@hotel-bitov.cz\">recepce@hotel-bitov.cz<\/a><\/span><span style=\"color: #993300;\">&nbsp;&nbsp; &nbsp;     <a href=\"https:\/\/www.google.cz\/maps\/place\/Hotel+B%C3%ADtov\/@48.9418607,15.724496,17z\/data=!3m1!4b1!4m5!3m4!1s0x4772b34c9f4651cd:0x1bdf80bb6495348f!8m2!3d48.9418607!4d15.7266847?dcr=0\">48\u00b056'30.71\"N 15\u00b043'36.05\"E<\/a>\r\n+420 607 874 922<\/span><\/strong><span style=\"color: #993300;\"><strong> &nbsp;&nbsp;&nbsp;&nbsp;&nbsp;&nbsp;&nbsp;&nbsp;&nbsp;&nbsp;&nbsp;&nbsp;&nbsp;&nbsp;&nbsp; <\/strong> <\/span><\/pre>\n<pre><span style=\"color: #993300;\"><strong>\r\nVlastn\u00edk - provozovatel:<\/strong><\/span>\r\n<span style=\"color: #993300;\">MINERAL MORAVIA invest s.r.o.<\/span>\r\n<span style=\"color: #993300;\">Potock\u00e1 58\/7<\/span>\r\n<span style=\"color: #993300;\">623 00 Brno-Kohoutovice<\/span>\r\n\r\n<span style=\"color: #993300;\">I\u010c : 29194539\r\nDI\u010c: CZ29194539<\/span><\/pre>\n<pre><span style=\"color: #993300;\"><strong>\u0158editel\/jednatel :                          Vedouc\u00ed hotelu :\r\n<\/strong>RNDr.Mgr Stanislav Pal\u0161a,Ph.D               Milan Studen\u00fd\r\ntel.  : + 420 731 067 971                   tel.  : + 420 607 874 922\r\n<\/span><span style=\"color: #993300;\">e-mail: palsa@hotel-bitov.cz                e-mail: studeny@hotel-bitov.cz<\/span><\/pre>\n<pre><span style=\"color: #993300;\"><strong>Obchodn\u00ed odd\u011blen\u00ed :                         Fakturace :\r\n<\/strong>Karel Nov\u00e1\u010dek                               Mgr. Petra Svobodov\u00e1\r\ntel.  : + 420 515 294 011                   tel   : + 420 515 294 011\r\ne-mail: provozni@hotel-bitov.cz             e-mail: provozni@hotel-bitov.cz\r\n\r\n<\/span><\/pre>\n<p><span style=\"font-size: large; color: #993300;\"><b>&nbsp; &nbsp; &nbsp; <\/b><\/span><\/p>\n","protected":false},"excerpt":{"rendered":"<p>&nbsp; &nbsp; Hotel B\u00edtov*** &nbsp; B\u00edtov 87 &nbsp; &nbsp; &nbsp; &nbsp; &nbsp; 671 10 B\u00edtov Recepce hotelu : &nbsp;&nbsp;&nbsp;&nbsp;&nbsp;&nbsp;&nbsp;&nbsp;&nbsp;&nbsp;&nbsp;&nbsp;&nbsp;&nbsp;&nbsp;&nbsp;&nbsp;&nbsp;&nbsp;&nbsp;&nbsp;&nbsp;&nbsp;&nbsp;&nbsp;&nbsp;&nbsp;&nbsp;&nbsp;&nbsp;&nbsp;&nbsp;&nbsp;&nbsp;&nbsp;&nbsp;&nbsp;&nbsp; &nbsp; &nbsp; &nbsp; &nbsp; &nbsp; &nbsp; &nbsp; &nbsp; &nbsp; &nbsp; &nbsp; &nbsp; &nbsp; &nbsp; &nbsp;&#46;&#46;&#46;<\/p>\n","protected":false},"author":1,"featured_media":0,"parent":0,"menu_order":0,"comment_status":"closed","ping_status":"closed","template":"","meta":{"ngg_post_thumbnail":0,"_monsterinsights_skip_tracking":false,"_monsterinsights_sitenote_active":false,"_monsterinsights_sitenote_note":"","_monsterinsights_sitenote_category":0,"footnotes":""},"class_list":["post-88","page","type-page","status-publish","hentry"],"_links":{"self":[{"href":"https:\/\/www.hotel-bitov.cz\/index.php?rest_route=\/wp\/v2\/pages\/88","targetHints":{"allow":["GET"]}}],"collection":[{"href":"https:\/\/www.hotel-bitov.cz\/index.php?rest_route=\/wp\/v2\/pages"}],"about":[{"href":"https:\/\/www.hotel-bitov.cz\/index.php?rest_route=\/wp\/v2\/types\/page"}],"author":[{"embeddable":true,"href":"https:\/\/www.hotel-bitov.cz\/index.php?rest_route=\/wp\/v2\/users\/1"}],"replies":[{"embeddable":true,"href":"https:\/\/www.hotel-bitov.cz\/index.php?rest_route=%2Fwp%2Fv2%2Fcomments&post=88"}],"version-history":[{"count":45,"href":"https:\/\/www.hotel-bitov.cz\/index.php?rest_route=\/wp\/v2\/pages\/88\/revisions"}],"predecessor-version":[{"id":1483,"href":"https:\/\/www.hotel-bitov.cz\/index.php?rest_route=\/wp\/v2\/pages\/88\/revisions\/1483"}],"wp:attachment":[{"href":"https:\/\/www.hotel-bitov.cz\/index.php?rest_route=%2Fwp%2Fv2%2Fmedia&parent=88"}],"curies":[{"name":"wp","href":"https:\/\/api.w.org\/{rel}","templated":true}]}}